834813?
False
Does 40 divide 38616760?
True
Does 4002 divide 74425194?
True
Does 58 divide 782710395?
False
Is 42 a factor of 1187133990?
True
Is 153 a factor of 298609057?
False
Is 109 a factor of 515157980?
True
Is 417508108 a multiple of 80?
False
Is 229140 a multiple of 60?
True
Is 816 a factor of 614448?
True
Does 150 divide 497500800?
True
Does 33 divide 678073110?
True
Does 50 divide 96550763?
False
Is 398825847 a multiple of 147?
True
Is 12572274 a multiple of 133?
False
Is 404557692 a multiple of 12?
True
Is 72978692 a multiple of 307?
False
Is 17 a factor of 213400179?
False
Is 163 a factor of 11342283?
False
Is 49384812 a multiple of 4?
True
Is 85010422 a multiple of 194?
False
Does 41 divide 88217756?
False
Is 661472111 a multiple of 513?
False
Does 1161 divide 96483561?
False
Is 661069555 a multiple of 5818?
False
Is 100 a factor of 3195975844?
False
Is 381937810 a multiple of 17?
True
Is 1590 a factor of 593604240?
True
Is 979038946 a multiple of 1022?
False
Does 105 divide 35730679?
False
Does 61 divide 23579887?
False
Is 86 a factor of 38585104?
True
Does 1740 divide 36997620?
True
Does 1110 divide 1255275567?
False
Does 770 divide 335503190?
False
Is 503 a factor of 726807680?
False
Is 124582987 a multiple of 147?
False
Is 57470422 a multiple of 74?
False
Is 151806764 a multiple of 4?
True
Is 31357323 even?
False
Is 53 a factor of 23852279?
True
Is 3316692797 a multiple of 1133?
False
Is 709 a factor of 112940864?
True
Does 1424 divide 1191465391?
False
Does 21 divide 904155?
True
Does 354 divide 953993536?
False
Is 1513 a factor of 99553635?
False
Is 25166925 a multiple of 2?
False
Is 75093023 a multiple of 5?
False
Is 1642622 even?
True
Is 116 a factor of 1599872?
True
Is 948 a factor of 45263524?
False
Does 48 divide 8373168?
True
Is 4 a factor of 1595405756?
True
Does 38 divide 262790632?
False
Is 160 a factor of 367076000?
True
Is 3910044 a multiple of 213?
False
Does 40 divide 1001504228?
False
Does 1167 divide 873683886?
True
Does 428 divide 2784140?
True
Is 41 a factor of 244667486?
False
Is 279 a factor of 1516704822?
True
Does 12 divide 18600456?
True
Is 34767167 a multiple of 340?
False
Is 7208177 a multiple of 34?
False
Is 106096507 a multiple of 26?
False
Does 25 divide 29074383?
False
Is 5998293 a multiple of 1043?
True
Is 2758 a factor of 28138943?
False
Does 2 divide 151901530?
True
Is 47002680 a multiple of 2445?
True
Is 41 a factor of 9772924?
True
Does 145 divide 184176680?
True
Is 723 a factor of 119840908?
False
Does 395 divide 757417240?
True
Does 899 divide 115244164?
False
Does 1245 divide 636521949?
False
Is 4882082 a multiple of 606?
False
Is 22896954 a multiple of 71?
False
Is 5287 a factor of 253448206?
True
Is 3537 a factor of 132304456?
False
Does 361 divide 79585338?
True
Is 14541973 a multiple of 67?
False
Is 124 a factor of 50407325?
False
Is 45935808 a multiple of 2284?
True
Is 46359599 a multiple of 375?
False
Is 4360 a factor of 1696430291?
False
Is 13879716 a multiple of 432?
False
Is 192761590 a multiple of 98?
True
Does 422 divide 74264885?
False
Is 5 a factor of 70804514?
False
Is 201 a factor of 1180652?
False
Is 142 a factor of 3474172?
True
Does 284 divide 242602172?
True
Is 80515056 a multiple of 732?
False
Is 240216840 a multiple of 604?
True
Is 3289 a factor of 277168753?
False
Is 2099092332 a multiple of 138?
True
Does 86 divide 410249222?
False
Does 174 divide 5727906?
True
Is 466320854 a multiple of 8?
False
Does 2 divide 28083168?
True
Is 14 a factor of 123401046?
False
Is 19 a factor of 915273073?
True
Does 9740 divide 599010291?
False
Is 1782 a factor of 24646842?
True
Does 2327 divide 48918194?
True
Is 3416969 a multiple of 163?
True
Is 776003923 a multiple of 1319?
False
Does 5 divide 993475466?
False
Is 16 a factor of 728888480?
True
Does 7475 divide 2810600?
True
Is 1951809706 a multiple of 28?
False
Is 68 a factor of 6756820?
True
Does 140 divide 8891970?
False
Is 459216420 a multiple of 39?
True
Does 50 divide 73877700?
True
Is 8427780 a multiple of 270?
True
Is 192959985 a multiple of 167?
False
Does 11 divide 113206621?
True
Is 3962489771 a multiple of 2597?
False
Is 34 a factor of 473557520?
False
Does 2750 divide 1059030500?
True
Is 696711792 a multiple of 1176?
True
Is 23 a factor of 27615042?
True
Is 2183181217 a multiple of 44?
False
Is 22 a factor of 5241940?
True
Is 938083156 a multiple of 14?
False
Is 187308986 a multiple of 750?
False
Does 33 divide 61872261?
True
Does 4 divide 8464136?
True
Is 246799357 a multiple of 49?
False
Is 7199391 a multiple of 69?
True
Is 177991335 a multiple of 1127?
False
Is 1494521041 a multiple of 354?
False
Does 22 divide 133415744?
True
Is 40173973 a multiple of 49?
True
Does 702 divide 9319150?
False
Is 185 a factor of 1594394?
False
Does 148 divide 283544912?
True
Is 6 a factor of 23101062?
True
Is 1087588672 a multiple of 4?
True
Does 89 divide 6775713?
False
Is 72728430 a multiple of 771?
True
Is 677 a factor of 42826646?
False
Is 14 a factor of 90958336?
True
Is 118649254 a multiple of 239?
False
Is 534 a factor of 37461241?
False
Is 1795157 a multiple of 7?
True
Is 23460327 a multiple of 387?
True
Does 125 divide 125657000?
True
Is 44357836 a multiple of 180?
False
Does 17 divide 3229259259?
True
Does 3186 divide 125547516?
True
Is 5432916 a multiple of 1068?
True
Is 126 a factor of 163881978?
False
Does 18 divide 95674610?
False
Is 18 a factor of 203937528?
False
Is 609 a factor of 6625920?
True
Is 290 a factor of 232028130?
True
Does 1816 divide 46035600?
True
Is 69 a factor of 5365647?
True
Is 3644 a factor of 2929575580?
True
Is 808776 a multiple of 24?
True
Does 33 divide 42954252?
True
Is 193367580 a multiple of 15?
True
Is 477 a factor of 1348669323?
True
Is 5 a factor of 48770085?
True
Is 22447870 a multiple of 106?
False
Does 898 divide 408442186?
False
Is 35181325 a multiple of 25?
True
Does 20 divide 972437380?
True
Does 63 divide 14877765?
True
Is 3138310663 a multiple of 574?
False
Is 17383366 a multiple of 26?
True
Is 36554232 a multiple of 12?
True
Is 45 a factor of 77631019?
False
Does 36 divide 51345288?
True
Does 7 divide 57076581?
False
Does 7 divide 23639539?
True
Is 171435301 a multiple of 19?
False
Is 991 a factor of 52164156?
False
Is 30 a factor of 26138490?
True
Is 2246741602 a multiple of 74?
True
Is 52462944 a multiple of 72?
True
Is 5121340 a multiple of 466?
True
Is 396967531 a multiple of 38?
False
Is 47 a factor of 1414332648?
True
Is 22530249 a multiple of 7?
True
Does 364 divide 1291277?
False
Does 1484 divide 92380238?
False
Is 409 a factor of 462518148?
False
Is 272 a factor of 79933788?
False
Does 324 divide 16969315?
False
Does 182 divide 893704630?
True
Is 20489766 a multiple of 1429?
False
Does 2587 divide 720674950?
False
Does 153 divide 39455487?
True
Is 1426 a factor of 21893474?
False
Is 10342502 a multiple of 46?
True
Is 88 a factor of 4808485088?
True
Does 302 divide 648651002?
True
Is 7579 a factor of 1760801049?
False
Is 34462237 a multiple of 29?
True
Is 381 a factor of 99943920?
True
Is 316 a factor of 83901231?
False
Does 238 divide 1901032045?
False
Is 4960 a factor of 789518114?
False
Is 35 a factor of 65014971?
False
Is 11 a factor of 1724094152?
True
Is 257 a factor of 191215196?
True
Is 129 a factor of 273384282?
True
Does 132 divide 41590692?
True
Is 1306 a factor of 267655558?
True
Is 582190983 a multiple of 57?
False
Is 676 a factor of 564637788?
True
Does 353 divide 25042173?
True
Is 179293973 a multiple of 3940?
False
Does 433 divide 2821428?
True
Does 2306 divide 40538429?
False
Is 36456608 a multiple of 20?
False
Does 1367 divide 169812841?
True
Does 11 divide 36554034?
True
Is 1212 a factor of 256002276?
True
Is 10 a factor of 8638320?
True
Does 67 divide 80608885?
False
Is 30 a factor of 13659373?
False
Does 46 divide 252292520?
True
Does 12 divide 4537512?
True
Does 178 divide 20491894?
True
Is 656 a factor of 80739394?
False
Is 120 a factor of 31741680?
True
Is 5232 a factor of 591874281?
False
Does 46 divide 168341738?
True
Does 4099 divide 296328219?
False
Is 751 a factor of 8324835?
True
Is 187 a factor of 238635328?
False
Is 1766430750 a multiple of 1750?
True
Is 301673800 a multiple of 50?
True
Is 16465187 a multiple of 6948?
False
Does 2287 divid